{"id":21253,"date":"2023-06-04T01:35:30","date_gmt":"2023-06-03T23:35:30","guid":{"rendered":"https:\/\/jng-web.com\/labo\/?page_id=21253"},"modified":"2024-05-22T19:38:14","modified_gmt":"2024-05-22T17:38:14","slug":"generateur-de-mot-de-passe","status":"publish","type":"page","link":"https:\/\/jng-web.com\/labo\/generateur-de-mot-de-passe\/","title":{"rendered":"G\u00e9n\u00e9rateur de mot de passe"},"content":{"rendered":"<div class=\"advads-avant-le-contenu\" id=\"advads-1187925823\"><script async src=\"\/\/pagead2.googlesyndication.com\/pagead\/js\/adsbygoogle.js?client=ca-pub-4944504088214075\" crossorigin=\"anonymous\"><\/script><ins class=\"adsbygoogle\" style=\"display:block;\" data-ad-client=\"ca-pub-4944504088214075\" \ndata-ad-slot=\"4514395581\" \ndata-ad-format=\"auto\"><\/ins>\n<script> \n(adsbygoogle = window.adsbygoogle || []).push({}); \n<\/script>\n<\/div><div class=\"advads-test\" style=\"margin-left: auto;margin-right: auto;text-align: center;\" id=\"advads-3919675000\"><script async src=\"\/\/pagead2.googlesyndication.com\/pagead\/js\/adsbygoogle.js?client=ca-pub-4944504088214075\" crossorigin=\"anonymous\"><\/script><ins class=\"adsbygoogle\" style=\"display:block;\" data-ad-client=\"ca-pub-4944504088214075\" \ndata-ad-slot=\"4514395581\" \ndata-ad-format=\"auto\"><\/ins>\n<script> \n(adsbygoogle = window.adsbygoogle || []).push({}); \n<\/script>\n<\/div><h2>Comment cr\u00e9er un bon mot de passe ?<\/h2>\n<p>Cr\u00e9er un bon mot de passe est crucial pour prot\u00e9ger vos comptes en ligne et vos informations personnelles. Voici quelques conseils pour cr\u00e9er un mot de passe robuste et s\u00e9curis\u00e9 (en bas de page un g\u00e9n\u00e9rateur pourra vous aider \u00e0 cr\u00e9er un bon mot de passe) :<\/p>\n<h3>1. <strong>Longueur du mot de passe<\/strong><\/h3>\n<p>Un bon mot de passe doit \u00eatre long. Id\u00e9alement, il doit avoir au moins 12 caract\u00e8res. Plus le mot de passe est long, plus il est difficile \u00e0 craquer.<\/p>\n<h3>2. <strong>Complexit\u00e9<\/strong><\/h3>\n<p>Utilisez une combinaison de diff\u00e9rents types de caract\u00e8res :<\/p>\n<ul>\n<li>Lettres majuscules (A-Z)<\/li>\n<li>Lettres minuscules (a-z)<\/li>\n<li>Chiffres (0-9)<\/li>\n<li>Caract\u00e8res sp\u00e9ciaux (!, @, #, $, etc.)<\/li>\n<\/ul>\n<h3>3. <strong>Impr\u00e9visibilit\u00e9<\/strong><\/h3>\n<p>\u00c9vitez d&rsquo;utiliser des informations personnelles ou des mots courants. Par exemple, n&rsquo;utilisez pas votre nom, votre date de naissance ou des mots simples comme \u00ab\u00a0password\u00a0\u00bb ou \u00ab\u00a0123456\u00a0\u00bb.<\/p>\n<h3>4. <strong>Passphrases<\/strong><\/h3>\n<p>Utiliser une phrase longue compos\u00e9e de mots al\u00e9atoires peut \u00eatre \u00e0 la fois m\u00e9morisable et s\u00e9curis\u00e9e. Par exemple, \u00ab\u00a0ChatJoliCielBleu@89\u00a0\u00bb.<\/p>\n<h3>5. <strong>\u00c9vitez les mod\u00e8les \u00e9vidents<\/strong><\/h3>\n<p>\u00c9vitez les s\u00e9quences logiques ou les r\u00e9p\u00e9titions, comme \u00ab\u00a0abcd1234\u00a0\u00bb ou \u00ab\u00a01111aaaa\u00a0\u00bb.<\/p>\n<h3>6. <strong>Utilisation unique<\/strong><\/h3>\n<p>Ne r\u00e9utilisez jamais le m\u00eame mot de passe pour plusieurs comptes. Si un de vos comptes est compromis, les autres le seront aussi.<\/p>\n<h3>7. <strong>Gestion des mots de passe<\/strong><\/h3>\n<p>Utilisez un gestionnaire de mots de passe pour stocker et g\u00e9rer vos mots de passe de mani\u00e8re s\u00e9curis\u00e9e. Les gestionnaires de mots de passe peuvent \u00e9galement g\u00e9n\u00e9rer des mots de passe forts pour vous.<\/p>\n<h2>Utiliser notre g\u00e9n\u00e9rateur de mots de passe gratuit :<\/h2>\n<p style=\"text-align: center;\">\n    <style>\n        #strong-password-generator #passerror{\n            color:red;\n            height:20px;\n        }\n\n        #strong-password-generator #passresult{\n            color:green;\n           }\n           \n    <\/style>\n    <div id=\"strong-password-generator\" >\n    \n        <label>Password Length:<\/label>\n        <br>\n        <input type=\"number\" value=\"16\" min=6  max=256 id=\"passlength\"\/>\n        <br>\n        <br>\n        <input type=\"checkbox\" checked id=\"includesmall\"\/> <label>Include Small Letters [abcdefghijklmnopqrstuvwxyz]<\/label><br>\n        <input type=\"checkbox\" checked id=\"includenumber\"\/> <label>Include Numbers [0123456789]<\/label><br>\n        <input type=\"checkbox\" checked id=\"includecaps\"\/> <label>Include Capital Letters [ABCDEFGHIJKLMNOPQRSTUVWXYZ]<\/label><br>\n        <input type=\"checkbox\" checked id=\"includespecial\"\/> <label>Include Special Characters [~`!@#$%^&*()-_+={}[]|\/\\:;\"<>,'.?]<\/label>\n        <br>\n            <div id=\"passerror\"><\/div>\n        <br>\n        <input type=\"submit\" onclick=\"generate();\" value=\"Generate\"\/>\n        <br>\n        <br>\n        <input type=\"text\" id=\"passresult\"\/>\n        <br>\n        <br>\n        <input type=\"submit\" onclick=\"copytoclipboard();\" value=\"Copy\"\/>\n    <\/div>\n    <script>\n        window.onload=generate;\n\n        function generate()\n        {\n            var password=\"\";\n            var charlist=\"\";\n            var rand=0;\n            var len=document.getElementById(\"passlength\").value;\n            var error=document.getElementById(\"passerror\");\n            var result=document.getElementById(\"passresult\");\n            var small=document.getElementById(\"includesmall\");\n            var number=document.getElementById(\"includenumber\");\n            var caps=document.getElementById(\"includecaps\");\n            var special=document.getElementById(\"includespecial\");\n            \n            \n            if(len<6 || len>256)\n            {\n                error.innerHTML=\"Password Length should be between 6 and 256\";   \n                resu5lt.value=\"\";\n            }\n            else\n            {\n                if(small.checked)\n                {\n                    charlist+=\"abcdefghijklmnopqrstuvwxyz\";\n               \n                }\n                if(number.checked)\n                {\n                    charlist+=\"0123456789\";\n               \n                }\n                if(caps.checked)\n                {  \n                    charlist+=\"ABCDEFGHIJKLMNOPQRSTUVWXYZ\";\n                   \n                }\n                if(special.checked)\n                {\n                    charlist+=\"~`!@#$%^&*()-_+={}[]\\|\\\"'\/:;<>\\,.?\";\n                }\n                if(charlist.length==0)\n                {\n                    error.innerHTML=\"Error! Please Check at least one box\";\n                    result.value=\"\";\n                }\n\n                else\n                {\n                    for(i=0;i<len;i++)\n                    {\n                        rand=Math.floor(Math.random() * charlist.length);\n                        password+=charlist[rand];\n                    }\n\n                       error.innerHTML=\"\";\n                       result.value=password;\n                }\n            }\n        }\n        function copytoclipboard()\n        {\n            var result=document.getElementById(\"passresult\");\n            result.select();\n            document.execCommand(\"copy\");\n        }\n    <\/script>\n    <\/p>\n","protected":false},"excerpt":{"rendered":"<p>Comment cr\u00e9er un bon mot de passe ? Cr\u00e9er un bon mot de passe est crucial pour prot\u00e9ger vos comptes en ligne et vos informations &hellip; <\/p>\n","protected":false},"author":2,"featured_media":0,"parent":0,"menu_order":0,"comment_status":"closed","ping_status":"closed","template":"","meta":{"_exactmetrics_skip_tracking":false,"_exactmetrics_sitenote_active":false,"_exactmetrics_sitenote_note":"","_exactmetrics_sitenote_category":0,"footnotes":""},"class_list":["post-21253","page","type-page","status-publish","hentry"],"yoast_head":"<!-- This site is optimized with the Yoast SEO plugin v21.9.1 - https:\/\/yoast.com\/wordpress\/plugins\/seo\/ -->\n<title>G\u00e9n\u00e9rateur de mot de passe - Labo JNG WEB<\/title>\n<meta name=\"robots\" content=\"index, follow, max-snippet:-1, max-image-preview:large, max-video-preview:-1\" \/>\n<link rel=\"canonical\" href=\"https:\/\/jng-web.com\/labo\/generateur-de-mot-de-passe\/\" \/>\n<meta property=\"og:locale\" content=\"fr_FR\" \/>\n<meta property=\"og:type\" content=\"article\" \/>\n<meta property=\"og:title\" content=\"G\u00e9n\u00e9rateur de mot de passe - Labo JNG WEB\" \/>\n<meta property=\"og:description\" content=\"Comment cr\u00e9er un bon mot de passe ? Cr\u00e9er un bon mot de passe est crucial pour prot\u00e9ger vos comptes en ligne et vos informations &hellip;\" \/>\n<meta property=\"og:url\" content=\"https:\/\/jng-web.com\/labo\/generateur-de-mot-de-passe\/\" \/>\n<meta property=\"og:site_name\" content=\"Labo JNG WEB\" \/>\n<meta property=\"article:publisher\" content=\"https:\/\/www.facebook.com\/webmaster.referencement.dijon\" \/>\n<meta property=\"article:modified_time\" content=\"2024-05-22T17:38:14+00:00\" \/>\n<meta property=\"og:image\" content=\"https:\/\/jng-web.com\/labo\/wp-content\/uploads\/2015\/03\/logo1.jpg\" \/>\n\t<meta property=\"og:image:width\" content=\"200\" \/>\n\t<meta property=\"og:image:height\" content=\"200\" \/>\n\t<meta property=\"og:image:type\" content=\"image\/jpeg\" \/>\n<meta name=\"twitter:label1\" content=\"Dur\u00e9e de lecture estim\u00e9e\" \/>\n\t<meta name=\"twitter:data1\" content=\"2 minutes\" \/>\n<script type=\"application\/ld+json\" class=\"yoast-schema-graph\">{\"@context\":\"https:\/\/schema.org\",\"@graph\":[{\"@type\":\"WebPage\",\"@id\":\"https:\/\/jng-web.com\/labo\/generateur-de-mot-de-passe\/\",\"url\":\"https:\/\/jng-web.com\/labo\/generateur-de-mot-de-passe\/\",\"name\":\"G\u00e9n\u00e9rateur de mot de passe - Labo JNG WEB\",\"isPartOf\":{\"@id\":\"https:\/\/jng-web.com\/labo\/#website\"},\"datePublished\":\"2023-06-03T23:35:30+00:00\",\"dateModified\":\"2024-05-22T17:38:14+00:00\",\"breadcrumb\":{\"@id\":\"https:\/\/jng-web.com\/labo\/generateur-de-mot-de-passe\/#breadcrumb\"},\"inLanguage\":\"fr-FR\",\"potentialAction\":[{\"@type\":\"ReadAction\",\"target\":[\"https:\/\/jng-web.com\/labo\/generateur-de-mot-de-passe\/\"]}]},{\"@type\":\"BreadcrumbList\",\"@id\":\"https:\/\/jng-web.com\/labo\/generateur-de-mot-de-passe\/#breadcrumb\",\"itemListElement\":[{\"@type\":\"ListItem\",\"position\":1,\"name\":\"Labo Jng Web\",\"item\":\"https:\/\/jng-web.com\/labo\/\"},{\"@type\":\"ListItem\",\"position\":2,\"name\":\"G\u00e9n\u00e9rateur de mot de passe\"}]},{\"@type\":\"WebSite\",\"@id\":\"https:\/\/jng-web.com\/labo\/#website\",\"url\":\"https:\/\/jng-web.com\/labo\/\",\"name\":\"Labo JNG WEB\",\"description\":\"R\u00e9f\u00e9rencement, Webmastering, CMS, Logiciels ...\",\"publisher\":{\"@id\":\"https:\/\/jng-web.com\/labo\/#organization\"},\"potentialAction\":[{\"@type\":\"SearchAction\",\"target\":{\"@type\":\"EntryPoint\",\"urlTemplate\":\"https:\/\/jng-web.com\/labo\/?s={search_term_string}\"},\"query-input\":\"required name=search_term_string\"}],\"inLanguage\":\"fr-FR\"},{\"@type\":\"Organization\",\"@id\":\"https:\/\/jng-web.com\/labo\/#organization\",\"name\":\"JNG WEB \/\/ J\u00e9r\u00f4me Guri\",\"url\":\"https:\/\/jng-web.com\/labo\/\",\"logo\":{\"@type\":\"ImageObject\",\"inLanguage\":\"fr-FR\",\"@id\":\"https:\/\/jng-web.com\/labo\/#\/schema\/logo\/image\/\",\"url\":\"https:\/\/jng-web.com\/labo\/wp-content\/uploads\/2015\/04\/logo.png\",\"contentUrl\":\"https:\/\/jng-web.com\/labo\/wp-content\/uploads\/2015\/04\/logo.png\",\"width\":342,\"height\":110,\"caption\":\"JNG WEB \/\/ J\u00e9r\u00f4me Guri\"},\"image\":{\"@id\":\"https:\/\/jng-web.com\/labo\/#\/schema\/logo\/image\/\"},\"sameAs\":[\"https:\/\/www.facebook.com\/webmaster.referencement.dijon\",\"https:\/\/twitter.com\/jng_web\",\"https:\/\/fr.linkedin.com\/in\/jeromeguri\"]}]}<\/script>\n<!-- \/ Yoast SEO plugin. -->","yoast_head_json":{"title":"G\u00e9n\u00e9rateur de mot de passe - Labo JNG WEB","robots":{"index":"index","follow":"follow","max-snippet":"max-snippet:-1","max-image-preview":"max-image-preview:large","max-video-preview":"max-video-preview:-1"},"canonical":"https:\/\/jng-web.com\/labo\/generateur-de-mot-de-passe\/","og_locale":"fr_FR","og_type":"article","og_title":"G\u00e9n\u00e9rateur de mot de passe - Labo JNG WEB","og_description":"Comment cr\u00e9er un bon mot de passe ? Cr\u00e9er un bon mot de passe est crucial pour prot\u00e9ger vos comptes en ligne et vos informations &hellip;","og_url":"https:\/\/jng-web.com\/labo\/generateur-de-mot-de-passe\/","og_site_name":"Labo JNG WEB","article_publisher":"https:\/\/www.facebook.com\/webmaster.referencement.dijon","article_modified_time":"2024-05-22T17:38:14+00:00","og_image":[{"width":200,"height":200,"url":"https:\/\/jng-web.com\/labo\/wp-content\/uploads\/2015\/03\/logo1.jpg","type":"image\/jpeg"}],"twitter_misc":{"Dur\u00e9e de lecture estim\u00e9e":"2 minutes"},"schema":{"@context":"https:\/\/schema.org","@graph":[{"@type":"WebPage","@id":"https:\/\/jng-web.com\/labo\/generateur-de-mot-de-passe\/","url":"https:\/\/jng-web.com\/labo\/generateur-de-mot-de-passe\/","name":"G\u00e9n\u00e9rateur de mot de passe - Labo JNG WEB","isPartOf":{"@id":"https:\/\/jng-web.com\/labo\/#website"},"datePublished":"2023-06-03T23:35:30+00:00","dateModified":"2024-05-22T17:38:14+00:00","breadcrumb":{"@id":"https:\/\/jng-web.com\/labo\/generateur-de-mot-de-passe\/#breadcrumb"},"inLanguage":"fr-FR","potentialAction":[{"@type":"ReadAction","target":["https:\/\/jng-web.com\/labo\/generateur-de-mot-de-passe\/"]}]},{"@type":"BreadcrumbList","@id":"https:\/\/jng-web.com\/labo\/generateur-de-mot-de-passe\/#breadcrumb","itemListElement":[{"@type":"ListItem","position":1,"name":"Labo Jng Web","item":"https:\/\/jng-web.com\/labo\/"},{"@type":"ListItem","position":2,"name":"G\u00e9n\u00e9rateur de mot de passe"}]},{"@type":"WebSite","@id":"https:\/\/jng-web.com\/labo\/#website","url":"https:\/\/jng-web.com\/labo\/","name":"Labo JNG WEB","description":"R\u00e9f\u00e9rencement, Webmastering, CMS, Logiciels ...","publisher":{"@id":"https:\/\/jng-web.com\/labo\/#organization"},"potentialAction":[{"@type":"SearchAction","target":{"@type":"EntryPoint","urlTemplate":"https:\/\/jng-web.com\/labo\/?s={search_term_string}"},"query-input":"required name=search_term_string"}],"inLanguage":"fr-FR"},{"@type":"Organization","@id":"https:\/\/jng-web.com\/labo\/#organization","name":"JNG WEB \/\/ J\u00e9r\u00f4me Guri","url":"https:\/\/jng-web.com\/labo\/","logo":{"@type":"ImageObject","inLanguage":"fr-FR","@id":"https:\/\/jng-web.com\/labo\/#\/schema\/logo\/image\/","url":"https:\/\/jng-web.com\/labo\/wp-content\/uploads\/2015\/04\/logo.png","contentUrl":"https:\/\/jng-web.com\/labo\/wp-content\/uploads\/2015\/04\/logo.png","width":342,"height":110,"caption":"JNG WEB \/\/ J\u00e9r\u00f4me Guri"},"image":{"@id":"https:\/\/jng-web.com\/labo\/#\/schema\/logo\/image\/"},"sameAs":["https:\/\/www.facebook.com\/webmaster.referencement.dijon","https:\/\/twitter.com\/jng_web","https:\/\/fr.linkedin.com\/in\/jeromeguri"]}]}},"_links":{"self":[{"href":"https:\/\/jng-web.com\/labo\/wp-json\/wp\/v2\/pages\/21253","targetHints":{"allow":["GET"]}}],"collection":[{"href":"https:\/\/jng-web.com\/labo\/wp-json\/wp\/v2\/pages"}],"about":[{"href":"https:\/\/jng-web.com\/labo\/wp-json\/wp\/v2\/types\/page"}],"author":[{"embeddable":true,"href":"https:\/\/jng-web.com\/labo\/wp-json\/wp\/v2\/users\/2"}],"replies":[{"embeddable":true,"href":"https:\/\/jng-web.com\/labo\/wp-json\/wp\/v2\/comments?post=21253"}],"version-history":[{"count":0,"href":"https:\/\/jng-web.com\/labo\/wp-json\/wp\/v2\/pages\/21253\/revisions"}],"wp:attachment":[{"href":"https:\/\/jng-web.com\/labo\/wp-json\/wp\/v2\/media?parent=21253"}],"curies":[{"name":"wp","href":"https:\/\/api.w.org\/{rel}","templated":true}]}}